{"id":23,"date":"2020-10-27T11:23:19","date_gmt":"2020-10-27T10:23:19","guid":{"rendered":"https:\/\/etchegoyen-volailles.com\/?page_id=23"},"modified":"2020-12-01T19:19:58","modified_gmt":"2020-12-01T18:19:58","slug":"negoce-de-volaille-au-pays-basque-depuis-1896","status":"publish","type":"page","link":"https:\/\/etchegoyen-volailles.com\/","title":{"rendered":"N\u00e9goce de volaille au pays Basque depuis 1896"},"content":{"rendered":"\n<h4 class=\"has-text-align-center\">Volaillers au Pays Basque depuis 4 g\u00e9n\u00e9rations. <br>Plus d&rsquo;un si\u00e8cle d&rsquo;exp\u00e9rience au sein de la fili\u00e8re avicole.<\/h4>\n\n\n\n<figure class=\"wp-block-image size-large\"><img loading=\"lazy\" width=\"660\" height=\"465\" src=\"https:\/\/etchegoyen-volailles.com\/wp-content\/uploads\/2020\/12\/etche-carte.png\" alt=\"\" class=\"wp-image-94\" srcset=\"https:\/\/etchegoyen-volailles.com\/wp-content\/uploads\/2020\/12\/etche-carte.png 660w, https:\/\/etchegoyen-volailles.com\/wp-content\/uploads\/2020\/12\/etche-carte-300x211.png 300w\" sizes=\"(max-width: 660px) 100vw, 660px\" \/><\/figure>\n","protected":false},"excerpt":{"rendered":"<p>Volaillers au Pays Basque depuis 4 g\u00e9n\u00e9rations. Plus d&rsquo;un si\u00e8cle d&rsquo;exp\u00e9rience au sein de la fili\u00e8re avicole.<\/p>\n","protected":false},"author":1,"featured_media":0,"parent":0,"menu_order":0,"comment_status":"closed","ping_status":"closed","template":"","meta":[],"_links":{"self":[{"href":"https:\/\/etchegoyen-volailles.com\/index.php\/wp-json\/wp\/v2\/pages\/23"}],"collection":[{"href":"https:\/\/etchegoyen-volailles.com\/index.php\/wp-json\/wp\/v2\/pages"}],"about":[{"href":"https:\/\/etchegoyen-volailles.com\/index.php\/wp-json\/wp\/v2\/types\/page"}],"author":[{"embeddable":true,"href":"https:\/\/etchegoyen-volailles.com\/index.php\/wp-json\/wp\/v2\/users\/1"}],"replies":[{"embeddable":true,"href":"https:\/\/etchegoyen-volailles.com\/index.php\/wp-json\/wp\/v2\/comments?post=23"}],"version-history":[{"count":7,"href":"https:\/\/etchegoyen-volailles.com\/index.php\/wp-json\/wp\/v2\/pages\/23\/revisions"}],"predecessor-version":[{"id":134,"href":"https:\/\/etchegoyen-volailles.com\/index.php\/wp-json\/wp\/v2\/pages\/23\/revisions\/134"}],"wp:attachment":[{"href":"https:\/\/etchegoyen-volailles.com\/index.php\/wp-json\/wp\/v2\/media?parent=23"}],"curies":[{"name":"wp","href":"https:\/\/api.w.org\/{rel}","templated":true}]}}

Négoce de volaille au pays Basque depuis 1896

<h4 class="has-text-align-center">Volaillers au Pays Basque depuis 4 générations. <br>Plus d&rsquo;un siècle d&rsquo;expérience au sein de la filière avicole.</h4>



<figure class="wp-block-image size-large"><img loading="lazy" width="660" height="465" src="https://etchegoyen-volailles.com/wp-content/uploads/2020/12/etche-carte.png" alt="" class="wp-image-94" srcset="https://etchegoyen-volailles.com/wp-content/uploads/2020/12/etche-carte.png 660w, https://etchegoyen-volailles.com/wp-content/uploads/2020/12/etche-carte-300x211.png 300w" sizes="(max-width: 660px) 100vw, 660px" /></figure>

<p>Volaillers au Pays Basque depuis 4 générations. Plus d&rsquo;un siècle d&rsquo;expérience au sein de la filière avicole.</p>
